{"id":1067,"date":"2024-02-21T18:55:08","date_gmt":"2024-02-21T21:55:08","guid":{"rendered":"https:\/\/esj.eti.br\/?page_id=1067"},"modified":"2024-02-21T19:34:59","modified_gmt":"2024-02-21T22:34:59","slug":"iftm-3o-grau-tads-disciplina-ext2","status":"publish","type":"page","link":"https:\/\/esj.eti.br\/?page_id=1067","title":{"rendered":"IFTM \u2013 3\u00ba Grau \u2013 TADS \u2013 Disciplina Ext2"},"content":{"rendered":"\n<h4>Extens\u00e3o 2 (Ext2)<\/h4>\n\n<ul>\n    <li><a href=\"IFTM\/Disciplinas\/Grau03\/EXT2\/EXT2_Unidade_01.pdf\" title=\"\" target=\"_Blank\" rel=\"noopener\">Unidade 01 &#8211; Ementa \/ Objetivos<\/a><\/li>\n<\/ul>\n\n\n<h4>Tutoriais<\/h4>\n\n<ul>\n    <li><a href=\"Apostilas\/Programacao\/Java\/bbb.pdf\" title=\"\" target=\"_Blank\" rel=\"noopener\"><\/a><\/li>\n<\/ul>\n\n\n<h4>Listas de Exerc&iacute;cios<\/h4>\n\n<ul>\n    <li><a href=\"IFTM\/Disciplinas\/Grau03\/MBD\/Exercicios\/ccc.pdf\" title=\"\" target=\"_Blank\" rel=\"noopener\"><\/a><\/li>\n<\/ul>\n\n\n<h4><u>Trabalhos<\/u><\/h4>\n\n<!--ul>\n    <li><a href=\"IFTM\/Disciplinas\/Grau03\/MBD\/Trabalhos\/MBD_ApresentacaoCapitulos_01_N0_M01.pdf\" title=\"\" target=\"_Blank\" rel=\"noopener\">Trabalho 01<\/a><\/li>\n    <ul>\n        <li>Datas de Apresenta\u00e7\u00e3o:2018<\/li>\n        <ul>\n            <li>Cap\u00edtulo 01 - 05\/11\/2018 (F\u00e1bio, Mateus e Fellipe)<\/li>\n            <li>Cap\u00edtulo 02 - 06\/11\/2018 (F\u00e1bio, Mateus e Fellipe)<\/li>\n            <li>Cap\u00edtulo 03 - 12\/11\/2018 (Aparecida e Alexis)<\/li>\n            <li>Cap\u00edtulo 04 - 13\/11\/2018 (Luiz Gustavo e H\u00e9rcules)<\/li>\n            <li>Cap\u00edtulo 05 - 19\/11\/2018 (Ant\u00f4nio Carlos e Rafael)<\/li>\n        <\/ul>\n    <\/ul>\n<\/ul-->\n\n\n<h4>Exerc&iacute;cio Valorado<\/h4>\n\n<!-- ul>\n    <li>  \/  \/ 2018 - Exerc&iacute;cio 01 em Dupla (15 pontos)<\/li>\n    <li>  \/  \/ 2018 - Exerc&iacute;cio 02 em Dupla (15 pontos)<\/li>\n<\/ul -->\n\n\n<h4>Avalia&ccedil;&otilde;es<\/h4>\n\n<!-- ul>\n    <li> 03 \/ 12 \/ 2018 - Avalia&ccedil;&atilde;o 01 (25 pontos)<\/li>\n    <li> 11 \/ 12 \/ 2018 - Avalia&ccedil;&atilde;o 02 (25 pontos)<\/li>\n<\/ul -->\n\n<h4>Avalia\u00e7\u00e3o de Recupera\u00e7\u00e3o<\/h4>\n\n<!-- ul>\n    <li>17 \/ 12 \/ 2018 - Avalia&ccedil;&atilde;o 01 - 70 pontos<\/li>\n<\/ul -->\n","protected":false},"excerpt":{"rendered":"<p>Extens\u00e3o 2 (Ext2) Unidade 01 &#8211; Ementa \/ Objetivos Tutoriais Listas de Exerc&iacute;cios Trabalhos Exerc&iacute;cio Valorado Avalia&ccedil;&otilde;es Avalia\u00e7\u00e3o de Recupera\u00e7\u00e3o<\/p>\n","protected":false},"author":1,"featured_media":0,"parent":0,"menu_order":0,"comment_status":"closed","ping_status":"closed","template":"","meta":{"footnotes":""},"class_list":["post-1067","page","type-page","status-publish","hentry"],"_links":{"self":[{"href":"https:\/\/esj.eti.br\/index.php?rest_route=\/wp\/v2\/pages\/1067","targetHints":{"allow":["GET"]}}],"collection":[{"href":"https:\/\/esj.eti.br\/index.php?rest_route=\/wp\/v2\/pages"}],"about":[{"href":"https:\/\/esj.eti.br\/index.php?rest_route=\/wp\/v2\/types\/page"}],"author":[{"embeddable":true,"href":"https:\/\/esj.eti.br\/index.php?rest_route=\/wp\/v2\/users\/1"}],"replies":[{"embeddable":true,"href":"https:\/\/esj.eti.br\/index.php?rest_route=%2Fwp%2Fv2%2Fcomments&post=1067"}],"version-history":[{"count":2,"href":"https:\/\/esj.eti.br\/index.php?rest_route=\/wp\/v2\/pages\/1067\/revisions"}],"predecessor-version":[{"id":1079,"href":"https:\/\/esj.eti.br\/index.php?rest_route=\/wp\/v2\/pages\/1067\/revisions\/1079"}],"wp:attachment":[{"href":"https:\/\/esj.eti.br\/index.php?rest_route=%2Fwp%2Fv2%2Fmedia&parent=1067"}],"curies":[{"name":"wp","href":"https:\/\/api.w.org\/{rel}","templated":true}]}}