{"id":1070,"date":"2024-02-21T18:56:57","date_gmt":"2024-02-21T21:56:57","guid":{"rendered":"https:\/\/esj.eti.br\/?page_id=1070"},"modified":"2025-04-03T16:22:50","modified_gmt":"2025-04-03T19:22:50","slug":"iftm-2o-grau-eelet-disciplina-ib","status":"publish","type":"page","link":"https:\/\/esj.eti.br\/?page_id=1070","title":{"rendered":"IFTM \u2013 2\u00ba Grau \u2013 EElet \u2013 Disciplina IB"},"content":{"rendered":"\n<h4>Inform\u00e1tica B\u00e1sica (IB)<\/h4>\n\n<ul>\n    <li><a href=\"IFTM\/Disciplinas\/Grau02\/EElet_IB\/IB_Unidade_01_IntroducaoAInformatica.pdf\" title=\"\" target=\"_Blank\">Unidade 01 &#8211; Introdu\u00e7\u00e3o a Inform\u00e1tica<\/a><\/li>\n    <li><a href=\"IFTM\/Disciplinas\/Grau02\/EElet_IB\/IB_Unidade_02_SistemasOperacionais.pdf\" title=\"\" target=\"_Blank\">Unidade 02 &#8211; Sistemas Operacionais<\/a><\/li>\n    <li><a href=\"IFTM\/Disciplinas\/Grau02\/EElet_IB\/IB_Unidade_03_Antivirus.pdf\" title=\"\" target=\"_Blank\">Unidade 03 &#8211; Antiv\u00edrus<\/a><\/li>\n    <li><a href=\"IFTM\/Disciplinas\/Grau02\/EElet_IB\/IB_Unidade_04_Internet.pdf\" title=\"\" target=\"_Blank\">Unidade 04 &#8211; Internet<\/a><\/li>\n<\/ul>\n\n<h4>Trabalhos em Equipe<\/h4>\n\n<ul>\n    <!-- li><a href=\"IFTM\/Disciplinas\/Grau02\/OCS\/Trabalhos\/OCS_Apresentacao_01_BasesNumericas.pdf\" title=\"\" target=\"_Blank\">Trabalho 01<\/a> - Data da apresenta&ccedil;&atilde;o: 22\/08\/2018<\/li -->\n    <!--li><a href=\"IFTM\/Disciplinas\/Grau02\/OCS\/Trabalhos\/OCS_Apresentacao_02_SistemasOperacionais.pdf\" title=\"\" target=\"_Blank\">Trabalho 02<\/a> - Data da apresenta&ccedil;&atilde;o: 28\/04\/2017<\/li>\n    <li>\n        <a href=\"IFTM\/Disciplinas\/Grau02\/OCS\/Trabalhos\/OCS_Apresentacao_03_Antivirus.pdf\" title=\"\" target=\"_Blank\">Trabalho 03<\/a> - Data da apresenta&ccedil;&atilde;o: 19\/05\/2017\n        <ul>\n            <li><a href=\"https:\/\/docs.google.com\/spreadsheets\/d\/1cldEXHLzE2IIE272-rZbzAf6QPzjEO8SsHZvXXe_5k0\/pubhtml\" title=\"\" target=\"_Blank\">Planilha on-line com distribui\u00e7\u00e3o do Trabalho 03<\/a><\/li>\n        <\/ul>\n    <\/li>\n    <li>\n        <a href=\"IFTM\/Disciplinas\/Grau02\/OCS\/Trabalhos\/OCS_Apresentacao_04_FerramentasDoGoogle.pdf\" title=\"\" target=\"_Blank\">Trabalho 04<\/a> - Data da apresenta&ccedil;&atilde;o: 26\/05\/2017\n        <ul>\n            <li><a href=\"https:\/\/docs.google.com\/spreadsheets\/d\/1WGKT_cZiMRXA6ubv1XgQh56wN8D3XSCSBmVY-Ea-Yl4\/pubhtml\" title=\"\" target=\"_Blank\">Planilha on-line com distribui\u00e7\u00e3o do Trabalho 04<\/a><\/li>\n        <\/ul>\n    <\/li>\n    <li>\n        <a href=\"IFTM\/Disciplinas\/Grau02\/OCS\/Trabalhos\/OCS_Apresentacao_05_LibreOffice.pdf\" title=\"\" target=\"_Blank\">Trabalho 05<\/a> - Datas da apresenta&ccedil;&atilde;o: 02\/06\/2017 - 09\/06\/2017 - 16\/06\/2017 - 23\/06\/2017\n        <ul>\n            <li><a href=\"https:\/\/docs.google.com\/spreadsheets\/d\/1_uL_2eQciy6TFunX3SKN9u15x-EHfICXuOeHQ_AB-oc\/pubhtml\" title=\"\" target=\"_Blank\">Planilha on-line com distribui\u00e7\u00e3o do Trabalho 05<\/a><\/li>\n        <\/ul>\n    <\/li-->\n<\/ul>\n\n<h4>Exerc\u00edcios<\/h4>\n<ul>\n    <!-- li><a href=\"IFTM\/Disciplinas\/Grau02\/EElet_IB\/Exercicios\/IB_Exercicio_01_SO_Windows_C.pdf\" target=\"_Blank\" title=\"\">Exerc\u00edcio 01 - SO - Windows - B<\/a><\/li-->\n    <!-- li><a href=\"IFTM\/Disciplinas\/Grau02\/EElet_IB\/Exercicios\/IB_Exercicio_02_SO_GNU_Linux_Turma_B.pdf\" target=\"_Blank\" title=\"\">Exerc\u00edcio 02 - SO - GNU\/Linux<\/a><\/li-->\n<\/ul>\n\n\n<h4>Avalia&ccedil;&otilde;es<\/h4>\n\n<ul>\n    <!-- li> 12 \/ 09 \/ 2018 - Avalia&ccedil;&atilde;o 01 - 20 pontos (Mat\u00e9ria: Unidades 01 e 02)<\/li>\n    <li>--\/--\/---- - Avalia&ccedil;&atilde;o 02 - 20 pontos<\/li -->\n<\/ul>\n\n<h4>Avalia\u00e7\u00e3o de Recupera\u00e7\u00e3o<\/h4>\n\n<!-- ul>\n    <li>  \/  \/ 2018 - Avalia&ccedil;&atilde;o 01 - 35 pontos<\/li>\n    <li>17 \/ 12 \/ 2018 - Avalia&ccedil;&atilde;o 02 - 35 pontos<\/li>\n<\/ul -->\n","protected":false},"excerpt":{"rendered":"<p>Inform\u00e1tica B\u00e1sica (IB) Unidade 01 &#8211; Introdu\u00e7\u00e3o a Inform\u00e1tica Unidade 02 &#8211; Sistemas Operacionais Unidade 03 &#8211; Antiv\u00edrus Unidade 04 &#8211; Internet Trabalhos em Equipe Exerc\u00edcios Avalia&ccedil;&otilde;es Avalia\u00e7\u00e3o de Recupera\u00e7\u00e3o<\/p>\n","protected":false},"author":1,"featured_media":0,"parent":0,"menu_order":0,"comment_status":"closed","ping_status":"closed","template":"","meta":{"footnotes":""},"class_list":["post-1070","page","type-page","status-publish","hentry"],"_links":{"self":[{"href":"https:\/\/esj.eti.br\/index.php?rest_route=\/wp\/v2\/pages\/1070","targetHints":{"allow":["GET"]}}],"collection":[{"href":"https:\/\/esj.eti.br\/index.php?rest_route=\/wp\/v2\/pages"}],"about":[{"href":"https:\/\/esj.eti.br\/index.php?rest_route=\/wp\/v2\/types\/page"}],"author":[{"embeddable":true,"href":"https:\/\/esj.eti.br\/index.php?rest_route=\/wp\/v2\/users\/1"}],"replies":[{"embeddable":true,"href":"https:\/\/esj.eti.br\/index.php?rest_route=%2Fwp%2Fv2%2Fcomments&post=1070"}],"version-history":[{"count":11,"href":"https:\/\/esj.eti.br\/index.php?rest_route=\/wp\/v2\/pages\/1070\/revisions"}],"predecessor-version":[{"id":1152,"href":"https:\/\/esj.eti.br\/index.php?rest_route=\/wp\/v2\/pages\/1070\/revisions\/1152"}],"wp:attachment":[{"href":"https:\/\/esj.eti.br\/index.php?rest_route=%2Fwp%2Fv2%2Fmedia&parent=1070"}],"curies":[{"name":"wp","href":"https:\/\/api.w.org\/{rel}","templated":true}]}}