{"id":1156,"date":"2025-04-23T18:02:59","date_gmt":"2025-04-23T21:02:59","guid":{"rendered":"https:\/\/esj.eti.br\/?page_id=1156"},"modified":"2025-12-03T06:07:32","modified_gmt":"2025-12-03T09:07:32","slug":"iftm-2o-grau-msi-disciplina-sol","status":"publish","type":"page","link":"https:\/\/esj.eti.br\/?page_id=1156","title":{"rendered":"IFTM &#8211; 2\u00ba grau &#8211; MSI &#8211; Disciplina SOL"},"content":{"rendered":"<h4>Sistema Operacional Linux (SOL)<\/h4>\n<ul>\n<li><a href=\"IFTM\/Disciplinas\/Grau02\/SOL\/PTU\/SOL_Unidade_01_EvolucaoHistoricaDosSistemasOperacionais.pdf\" title=\"\" target=\"_Blank\">Unidade 01 &#8211; Evolu\u00e7\u00e3o Hist\u00f3rica dos Sistemas Operacionais<\/a><\/li>\n<li><a href=\"IFTM\/Disciplinas\/Grau02\/SOL\/PTU\/SOL_Unidade_02_PrimeiroContatoArquivosTerminal.pdf\" title=\"\" target=\"_Blank\">Unidade 02 &#8211; Primeiro Contato &#8211; Arquivos &#8211; Terminal &#8211; Comandos<\/a><\/li>\n<li><a href=\"IFTM\/Disciplinas\/Grau02\/SOL\/PTU\/SOL_Unidade_03_CompactacaoDescompactacaoDeArquivos.pdf\" title=\"\" target=\"_Blank\">Unidade 03 &#8211; Compacta\u00e7\u00e3o e Descompacta\u00e7\u00e3o de Arquivos<\/a><\/li>\n<li><a href=\"IFTM\/Disciplinas\/Grau02\/SOL\/PTU\/SOL_Unidade_04_Permissoes.pdf\" title=\"\" target=\"_Blank\">Unidade 04 &#8211; Permiss\u00f5es<\/a><\/li>\n<li><a href=\"IFTM\/Disciplinas\/Grau02\/SOL\/PTU\/SOL_Unidade_05_AdministracaoDeUsuarios.pdf\" title=\"\" target=\"_Blank\">Unidade 05 &#8211; Comandos para administra\u00e7\u00e3o de usu\u00e1rios<\/a><\/li>\n<li><a href=\"IFTM\/Disciplinas\/Grau02\/SOL\/PTU\/SOL_Unidade_06_InstalacaoDeProgramasGerenciadoresDePacotes.pdf\" title=\"\" target=\"_Blank\">Unidade 06 &#8211; Instala\u00e7\u00e3o de Programas e Gerenciadores de Pacotes<\/a><\/li>\n<li><a href=\"IFTM\/Disciplinas\/Grau02\/SOL\/PTU\/SOL_Unidade_07_ArquivosLigacoesFortesEFracas.pdf\" title=\"\" target=\"_Blank\">Unidade 07 &#8211; Arquivo &#8211; liga\u00e7\u00f5es fortes e fracas<\/a><\/li>\n<li><a href=\"IFTM\/Disciplinas\/Grau02\/SOL\/PTU\/SOL_Unidade_08_GerenciamentoDeProcessos.pdf\" title=\"\" target=\"_Blank\">Unidade 08 &#8211; Gerenciamento de Processos<\/a><\/li>\n<li><a href=\"IFTM\/Disciplinas\/Grau02\/SOL\/PTU\/SOL_Unidade_09_Redes.pdf\" title=\"\" target=\"_Blank\">Unidade 09 &#8211; Redes<\/a><\/li>\n<\/ul>\n<h4>Exerc\u00edcios<\/h4>\n<ul>\n    <!--li><a href=\"IFTM\/Disciplinas\/Grau02\/SOL\/Exercicios\/SOL_Exercicios_Unidade_05.pdf\" target=\"_Blank\" title=\"\">Exerc\u00edcios - Unidade 05<\/a><\/li>\n\n\n    \n\n<li><a href=\"IFTM\/Disciplinas\/Grau02\/SOL\/Exercicios\/SOL_Exercicios_Unidade_06.pdf\" target=\"_Blank\" title=\"\">Exerc\u00edcios - Unidade 06<\/a><\/li>\n\n\n    \n\n<li><a href=\"IFTM\/Disciplinas\/Grau02\/SOL\/Exercicios\/SOL_Exercicios_Unidade_07.pdf\" target=\"_Blank\" title=\"\">Exerc\u00edcios - Unidade 07<\/a><\/li>\n\n\n    \n\n<li><a href=\"IFTM\/Disciplinas\/Grau02\/SOL\/Exercicios\/SOL_Exercicios_Unidade_08.pdf\" target=\"_Blank\" title=\"\">Exerc\u00edcios - Unidade 08<\/a><\/li>\n\n\n    \n\n<li><a href=\"IFTM\/Disciplinas\/Grau02\/SOL\/Exercicios\/SOL_Exercicios_Unidade_09.pdf\" target=\"_Blank\" title=\"\">Exerc\u00edcios - Unidade 09<\/a><\/li>\n\n\n    \n\n<li><a href=\"IFTM\/Disciplinas\/Grau02\/SOL\/Exercicios\/SOL_Exercicios_Unidade_10.pdf\" target=\"_Blank\" title=\"\">Exerc\u00edcios - Unidade 10<\/a><\/li-->\n<\/ul>\n","protected":false},"excerpt":{"rendered":"<p>Sistema Operacional Linux (SOL) Unidade 01 &#8211; Evolu\u00e7\u00e3o Hist\u00f3rica dos Sistemas Operacionais Unidade 02 &#8211; Primeiro Contato &#8211; Arquivos &#8211; Terminal &#8211; Comandos Unidade 03 &#8211; Compacta\u00e7\u00e3o e Descompacta\u00e7\u00e3o de Arquivos Unidade 04 &#8211; Permiss\u00f5es Unidade 05 &#8211; Comandos para administra\u00e7\u00e3o de usu\u00e1rios Unidade 06 &#8211; Instala\u00e7\u00e3o de Programas e Gerenciadores de Pacotes Unidade 07&hellip;<\/p>\n","protected":false},"author":1,"featured_media":0,"parent":0,"menu_order":0,"comment_status":"closed","ping_status":"closed","template":"","meta":{"footnotes":""},"class_list":["post-1156","page","type-page","status-publish","hentry"],"_links":{"self":[{"href":"https:\/\/esj.eti.br\/index.php?rest_route=\/wp\/v2\/pages\/1156","targetHints":{"allow":["GET"]}}],"collection":[{"href":"https:\/\/esj.eti.br\/index.php?rest_route=\/wp\/v2\/pages"}],"about":[{"href":"https:\/\/esj.eti.br\/index.php?rest_route=\/wp\/v2\/types\/page"}],"author":[{"embeddable":true,"href":"https:\/\/esj.eti.br\/index.php?rest_route=\/wp\/v2\/users\/1"}],"replies":[{"embeddable":true,"href":"https:\/\/esj.eti.br\/index.php?rest_route=%2Fwp%2Fv2%2Fcomments&post=1156"}],"version-history":[{"count":12,"href":"https:\/\/esj.eti.br\/index.php?rest_route=\/wp\/v2\/pages\/1156\/revisions"}],"predecessor-version":[{"id":1208,"href":"https:\/\/esj.eti.br\/index.php?rest_route=\/wp\/v2\/pages\/1156\/revisions\/1208"}],"wp:attachment":[{"href":"https:\/\/esj.eti.br\/index.php?rest_route=%2Fwp%2Fv2%2Fmedia&parent=1156"}],"curies":[{"name":"wp","href":"https:\/\/api.w.org\/{rel}","templated":true}]}}