{"id":122,"date":"2017-06-27T20:40:29","date_gmt":"2017-06-27T23:40:29","guid":{"rendered":"http:\/\/esj.eti.br\/?page_id=122"},"modified":"2024-10-20T22:45:56","modified_gmt":"2024-10-21T01:45:56","slug":"disciplina-pv","status":"publish","type":"page","link":"https:\/\/esj.eti.br\/?page_id=122","title":{"rendered":"IFTM &#8211; 3\u00ba Grau &#8211; TADS &#8211; Disciplina PV"},"content":{"rendered":"<h4>Programa&ccedil;&atilde;o Visual (PV)<\/h4>\n<ul>\n<li><a href=\"IFTM\/Disciplinas\/Grau03\/PV\/PV_Unidade_01_IDE_RAD.pdf\" title=\"\" target=\"_Blank\" rel=\"noopener\">Unidade 01 &#8211; IDE \/ RAD<\/a><\/li>\n<\/ul>\n<ul>\n<li><a href=\"IFTM\/Disciplinas\/Grau03\/PV\/PV_Unidade_02_ProgramacaoOrientadaEventos.pdf\" title=\"\" target=\"_Blank\" rel=\"noopener\">Unidade 02 &#8211; Programa\u00e7\u00e3o Orientada a Eventos<\/a><\/li>\n<li><a href=\"IFTM\/Disciplinas\/Grau03\/PV\/PV_Unidade_02_A_Sistemas.pdf\" title=\"\" target=\"_Blank\" rel=\"noopener\">Unidade 02 &#8211; A &#8211; Sistemas Orientados a Objetos<\/a><\/li>\n<\/ul>\n<ul>\n<li><a href=\"IFTM\/Disciplinas\/Grau03\/PV\/PV_Unidade_03_Componentes_Parte01.pdf\" title=\"\" target=\"_Blank\" rel=\"noopener\">Unidade 03 &#8211; Componentes &#8211; Parte 01<\/a><\/li>\n<li><a href=\"IFTM\/Disciplinas\/Grau03\/PV\/PV_Unidade_03_Componentes_Parte01_Ex02_JLabel_Parte_01.pdf\" title=\"\" target=\"_Blank\" rel=\"noopener\">Unidade 03 &#8211; Exemplo 02 &#8211; JLabel &#8211; Parte 01<\/a><\/li>\n<li><a href=\"IFTM\/Disciplinas\/Grau03\/PV\/PV_Unidade_03_Componentes_Parte01_Ex02_JLabel_Parte_02.pdf\" title=\"\" target=\"_Blank\" rel=\"noopener\">Unidade 03 &#8211; Exemplo 02 &#8211; JLabel &#8211; Parte 02<\/a><\/li>\n<li><a href=\"IFTM\/Disciplinas\/Grau03\/PV\/PV_Unidade_03_Componentes_Parte01_Ex03_JTextField_Parte_01.pdf\" title=\"\" target=\"_Blank\" rel=\"noopener\">Unidade 03 &#8211; Exemplo 03 &#8211; JTextField &#8211; Parte 01<\/a><\/li>\n<li><a href=\"IFTM\/Disciplinas\/Grau03\/PV\/PV_Unidade_03_Componentes_Parte01_Ex03_JTextField_Parte_02.pdf\" title=\"\" target=\"_Blank\" rel=\"noopener\">Unidade 03 &#8211; Exemplo 03 &#8211; JTextField &#8211; Parte 02<\/a><\/li>\n<li><a href=\"IFTM\/Disciplinas\/Grau03\/PV\/PV_Unidade_03_Componentes_Parte01_Ex04_JButton_Parte_01.pdf\" title=\"\" target=\"_Blank\" rel=\"noopener\">Unidade 03 &#8211; Exemplo 04 &#8211; JButton &#8211; Parte 01<\/a><\/li>\n<li><a href=\"IFTM\/Disciplinas\/Grau03\/PV\/PV_Unidade_03_Componentes_Parte01_Ex04_JButton_Parte_02.pdf\" title=\"\" target=\"_Blank\" rel=\"noopener\">Unidade 03 &#8211; Exemplo 04 &#8211; JButton &#8211; Parte 02<\/a><\/li>\n<\/ul>\n<ul>\n<li><a href=\"IFTM\/Disciplinas\/Grau03\/PV\/PV_Unidade_04_Componentes_Parte02.pdf\" title=\"\" target=\"_Blank\" rel=\"noopener\">Unidade 04 &#8211; Componentes &#8211; Parte 02<\/a><\/li>\n<li><a href=\"IFTM\/Disciplinas\/Grau03\/PV\/PV_Unidade_04_Componentes_Parte02_Ex01_JCheckBox_Parte_01.pdf\" title=\"\" target=\"_Blank\" rel=\"noopener\">Unidade 04 &#8211; Exemplo 01 &#8211; JCheckBox &#8211; Parte 01<\/a><\/li>\n<li><a href=\"IFTM\/Disciplinas\/Grau03\/PV\/PV_Unidade_04_Componentes_Parte02_Ex01_JCheckBox_Parte_02.pdf\" title=\"\" target=\"_Blank\" rel=\"noopener\">Unidade 04 &#8211; Exemplo 01 &#8211; JCheckBox &#8211; Parte 02<\/a><\/li>\n<li><a href=\"IFTM\/Disciplinas\/Grau03\/PV\/PV_Unidade_04_Componentes_Parte02_Ex02_JRadioButton_Parte_01.pdf\" title=\"\" target=\"_Blank\" rel=\"noopener\">Unidade 04 &#8211; Exemplo 02 &#8211; JRadioButton &#8211; Parte 01<\/a><\/li>\n<li><a href=\"IFTM\/Disciplinas\/Grau03\/PV\/PV_Unidade_04_Componentes_Parte02_Ex02_JRadioButton_Parte_02.pdf\" title=\"\" target=\"_Blank\" rel=\"noopener\">Unidade 04 &#8211; Exemplo 02 &#8211; JRadioButton &#8211; Parte 02<\/a><\/li>\n<li><a href=\"IFTM\/Disciplinas\/Grau03\/PV\/PV_Unidade_04_Componentes_Parte02_Ex03_JComboBox_Parte_01.pdf\" title=\"\" target=\"_Blank\" rel=\"noopener\">Unidade 04 &#8211; Exemplo 03 &#8211; JComboBox &#8211; Parte 01<\/a><\/li>\n<li><a href=\"IFTM\/Disciplinas\/Grau03\/PV\/PV_Unidade_04_Componentes_Parte02_Ex03_JComboBox_Parte_02.pdf\" title=\"\" target=\"_Blank\" rel=\"noopener\">Unidade 04 &#8211; Exemplo 03 &#8211; JComboBox &#8211; Parte 02<\/a><\/li>\n<li><a href=\"IFTM\/Disciplinas\/Grau03\/PV\/PV_Unidade_04_Componentes_Parte02_Ex04_JList_Parte_01.pdf\" title=\"\" target=\"_Blank\" rel=\"noopener\">Unidade 04 &#8211; Exemplo 04 &#8211; JList &#8211; Parte 01<\/a><\/li>\n<li><a href=\"IFTM\/Disciplinas\/Grau03\/PV\/PV_Unidade_04_Componentes_Parte02_Ex04_JList_Parte_02.pdf\" title=\"\" target=\"_Blank\" rel=\"noopener\">Unidade 04 &#8211; Exemplo 04 &#8211; JList &#8211; Parte 02<\/a><\/li>\n<li><a href=\"IFTM\/Disciplinas\/Grau03\/PV\/PV_Unidade_04_Componentes_Parte02_Ex05_JList_SelecaoMultipla_Parte_01.pdf\" title=\"\" target=\"_Blank\" rel=\"noopener\">Unidade 04 &#8211; Exemplo 05 &#8211; JList &#8211; Sele&ccedil;&atilde;o M&uacute;ltipla &#8211; Parte 01<\/a><\/li>\n<li><a href=\"IFTM\/Disciplinas\/Grau03\/PV\/PV_Unidade_04_Componentes_Parte02_Ex05_JList_SelecaoMultipla_Parte_02.pdf\" title=\"\" target=\"_Blank\" rel=\"noopener\">Unidade 04 &#8211; Exemplo 05 &#8211; JList &#8211; Sele&ccedil;&atilde;o M&uacute;ltipla &#8211; Parte 02<\/a><\/li>\n<li><a href=\"IFTM\/Disciplinas\/Grau03\/PV\/PV_Unidade_04_Componentes_Parte02_Ex06_MouseEvents_Parte_01.pdf\" title=\"\" target=\"_Blank\" rel=\"noopener\">Unidade 04 &#8211; Exemplo 06 &#8211; Mouse Events &#8211; Parte 01<\/a><\/li>\n<li><a href=\"IFTM\/Disciplinas\/Grau03\/PV\/PV_Unidade_04_Componentes_Parte02_Ex06_MouseEvents_Parte_02.pdf\" title=\"\" target=\"_Blank\" rel=\"noopener\">Unidade 04 &#8211; Exemplo 06 &#8211; Mouse Events &#8211; Parte 02<\/a><\/li>\n<li><a href=\"IFTM\/Disciplinas\/Grau03\/PV\/PV_Unidade_04_Componentes_Parte02_Ex07_MouseClickEvents_Parte_01.pdf\" title=\"\" target=\"_Blank\" rel=\"noopener\">Unidade 04 &#8211; Exemplo 07 &#8211; Mouse Click Events &#8211; Parte 01<\/a><\/li>\n<li><a href=\"IFTM\/Disciplinas\/Grau03\/PV\/PV_Unidade_04_Componentes_Parte02_Ex07_MouseClickEvents_Parte_02.pdf\" title=\"\" target=\"_Blank\" rel=\"noopener\">Unidade 04 &#8211; Exemplo 07 &#8211; Mouse Click Events &#8211; Parte 02<\/a><\/li>\n<li><a href=\"IFTM\/Disciplinas\/Grau03\/PV\/PV_Unidade_04_Componentes_Parte02_Ex08_PaintPanel_Parte_01.pdf\" title=\"\" target=\"_Blank\" rel=\"noopener\">Unidade 04 &#8211; Exemplo 08 &#8211; PaintPanel &#8211; Parte 01<\/a><\/li>\n<li><a href=\"IFTM\/Disciplinas\/Grau03\/PV\/PV_Unidade_04_Componentes_Parte02_Ex08_PaintPanel_Parte_02.pdf\" title=\"\" target=\"_Blank\" rel=\"noopener\">Unidade 04 &#8211; Exemplo 08 &#8211; PaintPanel &#8211; Parte 02<\/a><\/li>\n<li><a href=\"IFTM\/Disciplinas\/Grau03\/PV\/PV_Unidade_04_Componentes_Parte02_Ex08_PaintPanel_GUI_Parte_01.pdf\" title=\"\" target=\"_Blank\" rel=\"noopener\">Unidade 04 &#8211; Exemplo 08 &#8211; PaintPanel &#8211; GUI &#8211; Parte 01<\/a><\/li>\n<li><a href=\"IFTM\/Disciplinas\/Grau03\/PV\/PV_Unidade_04_Componentes_Parte02_Ex08_PaintPanel_GUI_Parte_02.pdf\" title=\"\" target=\"_Blank\" rel=\"noopener\">Unidade 04 &#8211; Exemplo 08 &#8211; PaintPanel &#8211; GUI &#8211; Parte 02<\/a><\/li>\n<li><a href=\"IFTM\/Disciplinas\/Grau03\/PV\/PV_Unidade_04_Componentes_Parte02_Ex09_KeyEvents_Parte_01.pdf\" title=\"\" target=\"_Blank\" rel=\"noopener\">Unidade 04 &#8211; Exemplo 09 &#8211; KeyEvents &#8211; Parte 01<\/a><\/li>\n<li><a href=\"IFTM\/Disciplinas\/Grau03\/PV\/PV_Unidade_04_Componentes_Parte02_Ex09_KeyEvents_Parte_02.pdf\" title=\"\" target=\"_Blank\" rel=\"noopener\">Unidade 04 &#8211; Exemplo 09 &#8211; KeyEvents &#8211; Parte 02<\/a><\/li>\n<\/ul>\n<ul>\n<li><a href=\"IFTM\/Disciplinas\/Grau03\/PV\/PV_Unidade_05_Componentes_Parte03.pdf\" title=\"\" target=\"_Blank\" rel=\"noopener\">Unidade 05 &#8211; Componentes &#8211; Parte 03<\/a><\/li>\n<li><a href=\"IFTM\/Disciplinas\/Grau03\/PV\/PV_Unidade_05_Componentes_Parte03_Ex01_JTable_Parte_01.pdf\" title=\"\" target=\"_Blank\" rel=\"noopener\">Unidade 05 &#8211; Exemplo 01 &#8211; JTable &#8211; Parte 01<\/a><\/li>\n<li><a href=\"IFTM\/Disciplinas\/Grau03\/PV\/PV_Unidade_05_Componentes_Parte03_Ex01_JTable_Parte_02.pdf\" title=\"\" target=\"_Blank\" rel=\"noopener\">Unidade 05 &#8211; Exemplo 01 &#8211; JTable &#8211; Parte 02<\/a><\/li>\n<li><a href=\"IFTM\/Disciplinas\/Grau03\/PV\/PV_Unidade_05_Componentes_Parte03_Ex02_TableModelPersonalizado_Parte_01.pdf\" title=\"\" target=\"_Blank\" rel=\"noopener\">Unidade 05 &#8211; Exemplo 02 &#8211; TableModelPersonalizado &#8211; Parte 01<\/a><\/li>\n<li><a href=\"IFTM\/Disciplinas\/Grau03\/PV\/PV_Unidade_05_Componentes_Parte03_Ex02_TableModelPersonalizado_Parte_02.pdf\" title=\"\" target=\"_Blank\" rel=\"noopener\">Unidade 05 &#8211; Exemplo 02 &#8211; TableModelPersonalizado &#8211; Parte 02<\/a><\/li>\n<li><a href=\"IFTM\/Disciplinas\/Grau03\/PV\/PV_Unidade_05_Componentes_Parte03_Ex02_TableModelPersonalizado_Parte_03.pdf\" title=\"\" target=\"_Blank\" rel=\"noopener\">Unidade 05 &#8211; Exemplo 02 &#8211; TableModelPersonalizado &#8211; Parte 03<\/a><\/li>\n<\/ul>\n<ul>\n<li><a href=\"IFTM\/Disciplinas\/Grau03\/PV\/PV_Unidade_06_PostgreSQL.pdf\" title=\"\" target=\"_Blank\" rel=\"noopener\">Unidade 06 &#8211; PostgreSQL &#8211; Introdu&ccedil;&atilde;o<\/a><\/li>\n<\/ul>\n<ul>\n<li><a href=\"IFTM\/Disciplinas\/Grau03\/PV\/PV_Unidade_07_JaspersoftStudio.pdf\" title=\"\" target=\"_Blank\" rel=\"noopener\">Unidade 07 &#8211; Jaspersoft Studio &#8211; Introdu&ccedil;&atilde;o <\/a><\/li>\n<\/ul>\n<h4>\u00cdcones<\/h4>\n<ul>\n<li><a href=\"IFTM\/Disciplinas\/Grau03\/PV\/Icones\/icones.zip\" title=\"\" target=\"_Blank\" rel=\"noopener\">\u00edcones<\/a><\/li>\n<\/ul>\n<h4>Exemplos de Software<\/h4>\n<ul>\n<li><a href=\"IFTM\/Disciplinas\/Grau03\/PV\/Softwares\/ExemploCalculadora.zip\" title=\"\" target=\"_Blank\" rel=\"noopener\">Java &#8211; Exemplo de Software (Calculadora)<\/a><\/li>\n<li><a href=\"IFTM\/Disciplinas\/Grau03\/PV\/Softwares\/ConexaoPostgreSQL.zip\" title=\"\" target=\"_Blank\" rel=\"noopener\">Java &#8211; Exemplo de Software de Conex\u00e3o com SGBD PostgreSQL<\/a><\/li>\n<li><a href=\"IFTM\/Disciplinas\/Grau03\/PV\/Softwares\/ProjetoComJTable.zip\" title=\"\" target=\"_Blank\" rel=\"noopener\">Java &#8211; Exemplo de Software com JTable, JDialog e NewTableModel gen\u00e9rico.<\/a><\/li>\n<\/ul>\n<h4>Tutoriais<\/h4>\n<ul>\n<li><a title=\"\" href=\"https:\/\/www.youtube.com\/watch?v=sBwHfnpwJy0\" target=\"_Blank\" rel=\"noopener noreferrer\">Entendendo a JDK<\/a><\/li>\n<li><a href=\"Apostilas\/Programacao\/Java\/ApacheNetBeans_ConhecendoUmPoucoDaIDE.pdf\" title=\"\" target=\"_Blank\" rel=\"noopener\">Apache NetBeans &#8211; Conhecendo um pouco da IDE<\/a><\/li>\n<li><a href=\"Apostilas\/Programacao\/Java\/NetBeans_ConhecendoUmPoucoDaIDE.pdf\" title=\"\" target=\"_Blank\" rel=\"noopener\">NetBeans &#8211; Conhecendo um pouco da IDE<\/a><\/li>\n<li><a href=\"Apostilas\/ManualBasicoDeGitHub.pdf\" title=\"\" target=\"_Blank\" rel=\"noopener\">GitHub &#8211; Manual B\u00e1sico<\/a><\/li>\n<\/ul>\n<h4>Listas de Exerc&iacute;cios de Depura\u00e7\u00e3o<\/h4>\n<ul>\n<li><a href=\"IFTM\/Disciplinas\/Grau03\/PV\/Exercicios\/Depuracao\/PV_Lista_01_Depuracao.pdf\" title=\"\" target=\"_Blank\" rel=\"noopener\">Lista 01 &#8211; Depura\u00e7\u00e3o<\/a><\/li>\n<\/ul>\n<h4>Listas de Exerc&iacute;cios<\/h4>\n<ul>\n<li><a href=\"IFTM\/Disciplinas\/Grau03\/PV\/Exercicios\/PV_ListaDeExercicios_01_Unidade_03.pdf\" title=\"\" target=\"_Blank\" rel=\"noopener\">Lista 01<\/a><\/li>\n<li><a href=\"IFTM\/Disciplinas\/Grau03\/PV\/Exercicios\/PV_ListaDeExercicios_02_Unidade_04.pdf\" title=\"\" target=\"_Blank\" rel=\"noopener\">Lista 02<\/a><\/li>\n<li><a href=\"IFTM\/Disciplinas\/Grau03\/PV\/Exercicios\/PV_ListaDeExercicios_03_Unidade_04.pdf\" title=\"\" target=\"_Blank\" rel=\"noopener\">Lista 03<\/a><\/li>\n<li><a href=\"IFTM\/Disciplinas\/Grau03\/PV\/Exercicios\/PV_ListaDeExercicios_04_Unidade_05.pdf\" title=\"\" target=\"_Blank\" rel=\"noopener\">Lista 04<\/a><\/li>\n<li><a href=\"IFTM\/Disciplinas\/Grau03\/PV\/Exercicios\/PV_ListaDeExercicios_05_Unidade_05.pdf\" title=\"\" target=\"_Blank\" rel=\"noopener\">Lista 05<\/a><\/li>\n<li><a href=\"IFTM\/Disciplinas\/Grau03\/PV\/Exercicios\/PV_ListaDeExercicios_06_Unidade_06.pdf\" title=\"\" target=\"_Blank\" rel=\"noopener\">Lista 06<\/a><\/li>\n<li><a href=\"IFTM\/Disciplinas\/Grau03\/PV\/Exercicios\/PV_ListaDeExercicios_07_Unidade_07.pdf\" title=\"\" target=\"_Blank\" rel=\"noopener\">Lista 07<\/a><\/li>\n<\/ul>\n<h4>Avalia&ccedil;&otilde;es<\/h4>\n<p><!-- ul>\n \t\n\n<li>02\/10\/2023 - Avalia\u00e7\u00e3o 01 - Parte 01 (5 pontos) - depura\u00e7\u00e3o.<\/li>\n\n\n \t\n\n<li>03\/10\/2023 - Avalia\u00e7\u00e3o 01 - Parte 02 (25 pontos) - mat\u00e9ria toda.<\/li>\n\n\n \t\n\n<li>04\/12\/2023 - Avalia\u00e7\u00e3o 02 - Parte 01 (5 pontos)- depura\u00e7\u00e3o.<\/li>\n\n\n \t\n\n<li>05\/12\/2023 - Avalia\u00e7\u00e3o 02 - Parte 02 (25 pontos) - mat\u00e9ria toda.<\/li>\n\n\n \t\n\n<li>18\/12\/2023 - Avalia\u00e7\u00e3o de Recupera\u00e7\u00e3o - Parte 01 (5 pontos)- depura\u00e7\u00e3o.<\/li>\n\n\n \t\n\n<li>19\/12\/2023 - Avalia\u00e7\u00e3o de Recupera\u00e7\u00e3o - Parte 02 (25 pontos) - mat\u00e9ria: toda.<\/li>\n\n\n<\/ul>\n\n\n\n\n<ul>\n \t\n\n<li>11\/12\/2015 \u00e0s 1900 hs - Avalia&ccedil;&atilde;o de Recupera&ccedil;&atilde;o (70 pontos)<\/li>\n\n\n<\/ul-->\n<h4><u>Trabalhos<\/u><\/h4>\n<p><!-- ul>\n    <!-- 2023\/02 --><br \/>\n    <!-- li>25\/09\/2023 - Apresenta\u00e7\u00e3o da proposta de trabalho individual (6 classes modelo - lembrando que no caso de heran\u00e7a s\u00f3 ser\u00e1 contada a classe m\u00e3e)<\/li>\n\n\n \t\n\n<li>02\/10\/2023 - Data limite para envio do e-mail contendo o diagrama (em PDF) da proposta de trabalho individual - eddiesaliba3@gmail.com - Assunto: PV - 2023\/02 - Trabalho 01 - Seu Nome Completo<\/li>\n\n\n \t\n\n<li><a href=\"IFTM\/Disciplinas\/Grau03\/PV\/Trabalhos\/PV_Trabalho_01_N1_001_PropostaDeSistema_Desenvolvimento.pdf\" title=\"\" target=\"_Blank\" rel=\"noopener\">Trabalho 01<\/a> - <b>Data apresenta&ccedil;&atilde;o: 06\/11\/2023<\/b> (Trabalho disponibilizado em: 25\/09\/2023)<\/li>\n\n\n \t\n\n<li><a href=\"IFTM\/Disciplinas\/Grau03\/PV\/Trabalhos\/PV_Trabalho_01_N1_002_PropostaDeSistema_Desenvolvimento.pdf\" title=\"\" target=\"_Blank\" rel=\"noopener\">Trabalho 02<\/a> - <b>Data apresenta&ccedil;&atilde;o: 11\/12\/2023<\/b> (trabalho disponibilizado em: 11\/11\/2023)<\/li>\n\n\n<!-- 2023\/01 --><br \/>\n    <!--li><a href=\"IFTM\/Disciplinas\/Grau03\/PV\/Trabalhos\/PV_Trabalho_01_N1_001_PropostaDeSistema_Desenvolvimento.pdf\" title=\"\" target=\"_Blank\" rel=\"noopener\">Trabalho 01<\/a> - Data apresenta&ccedil;&atilde;o: 18\/05\/2023 e 01\/06\/2022 - (trabalho disponibilizado em: 28\/04\/2023)<\/li>\n\n\n \t\n\n<li><a href=\"IFTM\/Disciplinas\/Grau03\/PV\/Trabalhos\/PV_Trabalho_01_N1_002_PropostaDeSistema_Desenvolvimento.pdf\" title=\"\" target=\"_Blank\" rel=\"noopener\">Trabalho 02<\/a> - Data apresenta&ccedil;&atilde;o: 29\/06\/2023 e 30\/06\/2022 - (trabalho disponibilizado em: 05\/06\/2023)<\/li>\n\n\n<!-- 2022\/01 --><br \/>\n    <!--li><a href=\"IFTM\/Disciplinas\/Grau03\/PV\/Trabalhos\/PV_Trab_N3_04_001_Hotel.pdf\" title=\"\" target=\"_Blank\" rel=\"noopener\">Trabalho 01<\/a> - Data apresenta&ccedil;&atilde;o: 02\/05\/2022 e 27\/06\/2022 - (trabalho disponibilizado em: 04\/04\/2022)<\/li>\n\n\n<!--li><a href=\"\" title=\"\" target=\"_Blank\" rel=\"noopener\">Trabalho 02 - Escrever o sistema anterior numa outra linguagem.<\/a> - Data apresenta&ccedil;&atilde;o: 14 \/ 12 \/ 2018<\/li -->\n<p>    <!-- 2020\/02 --><br \/>\n    <!--li><a href=\"IFTM\/Disciplinas\/Grau03\/PV\/Trabalhos\/PV_Trab_08_N3_PetShop_ParteUnica.pdf\" title=\"\" target=\"_Blank\" rel=\"noopener\">Trabalho 01<\/a> - Data apresenta&ccedil;&atilde;o: 24 \/ 10 \/ 2018<\/li -->\n    <!--li><a href=\"\" title=\"\" target=\"_Blank\" rel=\"noopener\">Trabalho 02 - Escrever o sistema anterior numa outra linguagem.<\/a> - Data apresenta&ccedil;&atilde;o: 14 \/ 12 \/ 2018<\/li -->\n<p>    <!-- 2020\/01 --><br \/>\n    <!--li><a href=\"IFTM\/Disciplinas\/Grau03\/PV\/Trabalhos\/PV_Trabalho_Estacionamento_03_001_N1.pdf\" title=\"\" target=\"_Blank\" rel=\"noopener\">Trabalho 01<\/a> - Data apresenta&ccedil;&atilde;o: 18 \/ 05 \/ 2020<\/li>\n\n\n \t\n\n<li><a href=\"IFTM\/Disciplinas\/Grau03\/PV\/Trabalhos\/PV_Trabalho_Estacionamento_03_002_N1.pdf\" title=\"\" target=\"_Blank\" rel=\"noopener\">Trabalho 02<\/a> - Data apresenta&ccedil;&atilde;o: 04 \/ 08 \/ 2020 (Disponibilizado em 22\/06\/2020)<\/li-->\n<p>    <!-- 2019\/02 --><br \/>\n    <!--li><a href=\"IFTM\/Disciplinas\/Grau03\/PV\/Trabalhos\/PV_Trab_07_N3_ControleDeVendasVinho_ParteUnica.pdf\" title=\"\" target=\"_Blank\" rel=\"noopener\">Trabalho 01<\/a> - Data apresenta&ccedil;&atilde;o: 21 \/ 10 \/ 2019 adiado para 03 \/ 11 \/ 2019 - 70% da nota original<\/li>\n\n\n \t\n\n<li><a href=\"IFTM\/Disciplinas\/Grau03\/PV\/Trabalhos\/PV_Trab_07_N3_ControleDeVendasVinho_ParteComplementar.pdf\" title=\"\" target=\"_Blank\" rel=\"noopener\">Trabalho 02<\/a> - Data apresenta&ccedil;&atilde;o: 09 \/ 12 \/ 2019 (publicado em 11 \/ 11 \/ 2019)<\/li-->\n    <!--li><a href=\"\" title=\"\" target=\"_Blank\" rel=\"noopener\">Trabalho 02 - Escrever o sistema anterior numa outra linguagem.<\/a> - Data apresenta&ccedil;&atilde;o: 14 \/ 12 \/ 2018<\/li -->\n<p>    <!-- 2018\/02 --><br \/>\n    <!--li><a href=\"IFTM\/Disciplinas\/Grau03\/PV\/Trabalhos\/PV_Trab_08_N3_PetShop_ParteUnica.pdf\" title=\"\" target=\"_Blank\" rel=\"noopener\">Trabalho 01<\/a> - Data apresenta&ccedil;&atilde;o: 24 \/ 10 \/ 2018<\/li -->\n    <!--li><a href=\"\" title=\"\" target=\"_Blank\" rel=\"noopener\">Trabalho 02 - Escrever o sistema anterior numa outra linguagem.<\/a> - Data apresenta&ccedil;&atilde;o: 14 \/ 12 \/ 2018<\/li -->\n<p>    <!-- 2018\/01 --><br \/>\n    <!--li><a href=\"IFTM\/Disciplinas\/Grau03\/PV\/Trabalhos\/PV_Trab_08_N3_PetShop_ParteUnica.pdf\" title=\"\" target=\"_Blank\" rel=\"noopener\">Trabalho 01<\/a> - Data apresenta&ccedil;&atilde;o: 24 \/ 10 \/ 2018<\/li -->\n<p>    <!-- 2016\/02 --><br \/>\n    <!-- li><a href=\"IFTM\/Disciplinas\/Grau03\/PV\/Trabalhos\/Trab_06_N1_DiversificadoPorEquipe\/PV_Trabalho_DiversificadoPorEquipe_06_002_N1.pdf\" title=\"\" target=\"_Blank\" rel=\"noopener\">Trabalho 02<\/a> - Data apresenta&ccedil;&atilde;o 23\/11\/2016<\/li -->\n<!-- \/ul --><\/p>\n","protected":false},"excerpt":{"rendered":"<p>Programa&ccedil;&atilde;o Visual (PV) Unidade 01 &#8211; IDE \/ RAD Unidade 02 &#8211; Programa\u00e7\u00e3o Orientada a Eventos Unidade 02 &#8211; A &#8211; Sistemas Orientados a Objetos Unidade 03 &#8211; Componentes &#8211; Parte 01 Unidade 03 &#8211; Exemplo 02 &#8211; JLabel &#8211; Parte 01 Unidade 03 &#8211; Exemplo 02 &#8211; JLabel &#8211; Parte 02 Unidade 03 &#8211;&hellip;<\/p>\n","protected":false},"author":1,"featured_media":0,"parent":0,"menu_order":0,"comment_status":"closed","ping_status":"closed","template":"","meta":{"footnotes":""},"class_list":["post-122","page","type-page","status-publish","hentry"],"_links":{"self":[{"href":"https:\/\/esj.eti.br\/index.php?rest_route=\/wp\/v2\/pages\/122","targetHints":{"allow":["GET"]}}],"collection":[{"href":"https:\/\/esj.eti.br\/index.php?rest_route=\/wp\/v2\/pages"}],"about":[{"href":"https:\/\/esj.eti.br\/index.php?rest_route=\/wp\/v2\/types\/page"}],"author":[{"embeddable":true,"href":"https:\/\/esj.eti.br\/index.php?rest_route=\/wp\/v2\/users\/1"}],"replies":[{"embeddable":true,"href":"https:\/\/esj.eti.br\/index.php?rest_route=%2Fwp%2Fv2%2Fcomments&post=122"}],"version-history":[{"count":70,"href":"https:\/\/esj.eti.br\/index.php?rest_route=\/wp\/v2\/pages\/122\/revisions"}],"predecessor-version":[{"id":1145,"href":"https:\/\/esj.eti.br\/index.php?rest_route=\/wp\/v2\/pages\/122\/revisions\/1145"}],"wp:attachment":[{"href":"https:\/\/esj.eti.br\/index.php?rest_route=%2Fwp%2Fv2%2Fmedia&parent=122"}],"curies":[{"name":"wp","href":"https:\/\/api.w.org\/{rel}","templated":true}]}}