{"id":277,"date":"2018-05-24T14:02:35","date_gmt":"2018-05-24T17:02:35","guid":{"rendered":"http:\/\/esj.eti.br\/?page_id=277"},"modified":"2019-12-11T19:57:39","modified_gmt":"2019-12-11T22:57:39","slug":"iftm-2o-grau-jp-disciplina-fpc","status":"publish","type":"page","link":"https:\/\/esj.eti.br\/?page_id=277","title":{"rendered":"IFTM &#8211; 2\u00ba Grau &#8211; JP &#8211; Disciplina FPC"},"content":{"rendered":"<h4>Fundamentos de Programa\u00e7\u00e3o de Computadores (FPC)<\/h4>\n<ul>\n<li><a href=\"IFTM\/Disciplinas\/Grau02\/FPC\/FPC_Unidade_01.pdf\" title=\"\" target=\"_Blank\" rel=\"noopener noreferrer\">Unidade 01 &#8211; Conceitos B\u00e1sicos<\/a><\/li>\n<li><a href=\"IFTM\/Disciplinas\/Grau02\/FPC\/FPC_Unidade_02.pdf\" title=\"\" target=\"_Blank\" rel=\"noopener noreferrer\">Unidade 02 &#8211; \u00c1lgebra Booleana<\/a><\/li>\n<li><a href=\"IFTM\/Disciplinas\/Grau02\/FPC\/FPC_Unidade_03.pdf\" title=\"\" target=\"_Blank\" rel=\"noopener noreferrer\">Unidade 03 &#8211; Tipos de Dados, Vari\u00e1veis, Express\u00f5es L\u00f3gicas e Aritm\u00e9ticas<\/a><\/li>\n<li><a href=\"IFTM\/Disciplinas\/Grau02\/FPC\/FPC_Unidade_04.pdf\" title=\"\" target=\"_Blank\" rel=\"noopener noreferrer\">Unidade 04 &#8211; Vari\u00e1veis, Tipos de Dados, Comandos e Estrutura Linear<\/a><\/li>\n<li><a href=\"IFTM\/Disciplinas\/Grau02\/FPC\/FPC_Unidade_05.pdf\" title=\"\" target=\"_Blank\" rel=\"noopener noreferrer\">Unidade 05 &#8211; Estrutura Condicional<\/a><\/li>\n<li><a href=\"IFTM\/Disciplinas\/Grau02\/FPC\/FPC_Unidade_06.pdf\" title=\"\" target=\"_Blank\" rel=\"noopener noreferrer\">Unidade 06 &#8211; Estrutura de Exclus\u00e3o M\u00faltipla<\/a><\/li>\n<li><a href=\"IFTM\/Disciplinas\/Grau02\/FPC\/FPC_Unidade_07_EstruturasDeRepeticao.pdf\" title=\"\" target=\"_Blank\" rel=\"noopener noreferrer\">Unidade 07 &#8211; Estruturas de Repeti\u00e7\u00e3o<\/a><\/li>\n<li><a href=\"IFTM\/Disciplinas\/Grau02\/FPC\/FPC_Unidade_08.pdf\" title=\"\" target=\"_Blank\" rel=\"noopener noreferrer\">Unidade 08 &#8211; Fun\u00e7\u00e3o<\/a><\/li>\n<li><a href=\"IFTM\/Disciplinas\/Grau02\/FPC\/FPC_Unidade_09.pdf\" title=\"\" target=\"_Blank\" rel=\"noopener noreferrer\">Unidade 09 &#8211; Vetor<\/a><\/li>\n<li><a href=\"IFTM\/Disciplinas\/Grau02\/FPC\/FPC_Unidade_10.pdf\" title=\"\" target=\"_Blank\" rel=\"noopener noreferrer\">Unidade 10 &#8211; Matriz<\/a><\/li>\n<li><a href=\"IFTM\/Disciplinas\/Grau02\/FPC\/FPC_Unidade_11.pdf\" title=\"\" target=\"_Blank\" rel=\"noopener noreferrer\">Unidade 11 &#8211; String<\/a><\/li>\n<li><a href=\"IFTM\/Disciplinas\/Grau02\/FPC\/FPC_Unidade_12.pdf\" title=\"\" target=\"_Blank\" rel=\"noopener noreferrer\">Unidade 12 &#8211; Registro<\/a><\/li>\n<li><a href=\"IFTM\/Disciplinas\/Grau02\/FPC\/FPC_Unidade_13.pdf\" title=\"\" target=\"_Blank\" rel=\"noopener noreferrer\">Unidade 13 &#8211; Arquivos<\/a><\/li>\n<li><a href=\"IFTM\/Disciplinas\/Grau02\/FPC\/FPC_Unidade_13_ExemploGravacaoArquivoBinario.pdf\" title=\"\" target=\"_Blank\" rel=\"noopener noreferrer\">Unidade 13 &#8211; Arquivos &#8211; Exemplo de Grava\u00e7\u00e3o de Arquivo Bin\u00e1rio<\/a><\/li>\n<li><a href=\"IFTM\/Disciplinas\/Grau02\/FPC\/FPC_Unidade_13_ExemploLeituraArquivoBinario.pdf\" title=\"\" target=\"_Blank\" rel=\"noopener noreferrer\">Unidade 13 &#8211; Arquivos &#8211; Exemplo de Leitura de Arquivo Bin\u00e1rio<\/a><\/li>\n<li><a href=\"IFTM\/Disciplinas\/Grau02\/FPC\/FPC_Unidade_14.pdf\" title=\"\" target=\"_Blank\" rel=\"noopener noreferrer\">Unidade 14 &#8211; Ponteiros<\/a><\/li>\n<\/ul>\n<h4>Code::Blocks &#8211; Conhecendo a IDE<\/h4>\n<ul>\n<li><a href=\"IFTM\/Disciplinas\/Grau02\/FPC\/FPC_Conhecendo_a_IDE_CodeBlocks.pdf\" target=\"_Blank\" title=\"\" rel=\"noopener noreferrer\">Tutorial sobre a IDE Code::Blocks<\/a><\/li>\n<\/ul>\n<h4>Exerc\u00edcios<\/h4>\n<ul>\n<li><a href=\"IFTM\/Disciplinas\/Grau02\/FPC\/Exercicios\/FPC_Exercicios_Unidade_03_AlgebraBooleana.pdf\" target=\"_Blank\" title=\"\" rel=\"noopener noreferrer\">Exerc\u00edcios &#8211; Unidade 03 &#8211; \u00c1lgebra Booleana<\/a><\/li>\n<li><a href=\"IFTM\/Disciplinas\/Grau02\/FPC\/Exercicios\/FPC_Exercicios_Unidade_04_EstruturaLinear.pdf\" target=\"_Blank\" title=\"\" rel=\"noopener noreferrer\">Exerc\u00edcios &#8211; Unidade 04 &#8211; Estrutura Linear<\/a><\/li>\n<li><a href=\"IFTM\/Disciplinas\/Grau02\/FPC\/Exercicios\/FPC_Exercicios_Unidade_05_EstruturaCondicional.pdf\" target=\"_Blank\" title=\"\" rel=\"noopener noreferrer\">Exerc\u00edcios &#8211; Unidade 05 &#8211; Estrutura Condicional<\/a><\/li>\n<li><a href=\"IFTM\/Disciplinas\/Grau02\/FPC\/Exercicios\/FPC_Exercicios_Unidade_06_EstruturaDeExclusaoMultipla.pdf\" target=\"_Blank\" title=\"\" rel=\"noopener noreferrer\">Exerc\u00edcios &#8211; Unidade 06 &#8211; Estrutura de Exclus\u00e3o M\u00faltipla<\/a><\/li>\n<li><a href=\"IFTM\/Disciplinas\/Grau02\/FPC\/Exercicios\/FPC_Exercicios_Unidade_07_EstruturasDeRepeticao.pdf\" target=\"_Blank\" title=\"\" rel=\"noopener noreferrer\">Exerc\u00edcios &#8211; Unidade 07 &#8211; Estruturas de Repeti\u00e7\u00e3o<\/a><\/li>\n<li><a href=\"IFTM\/Disciplinas\/Grau02\/FPC\/Exercicios\/FPC_Exercicios_Unidade_08_SubRotinas.pdf\" target=\"_Blank\" title=\"\" rel=\"noopener noreferrer\">Exerc\u00edcios &#8211; Unidade 08 &#8211; Sub-rotinas \/ Fun\u00e7\u00f5es<\/a><\/li>\n<li><a href=\"IFTM\/Disciplinas\/Grau02\/FPC\/Exercicios\/FPC_Exercicios_Unidade_09_Vetor.pdf\" target=\"_Blank\" title=\"\" rel=\"noopener noreferrer\">Exerc\u00edcios &#8211; Unidade 09 &#8211; Vetor<\/a><\/li>\n<li><a href=\"IFTM\/Disciplinas\/Grau02\/FPC\/Exercicios\/FPC_Exercicios_Unidade_10_Matriz.pdf\" target=\"_Blank\" title=\"\" rel=\"noopener noreferrer\">Exerc\u00edcios &#8211; Unidade 10 &#8211; Matriz<\/a><\/li>\n<li><a href=\"IFTM\/Disciplinas\/Grau02\/FPC\/Exercicios\/FPC_Exercicios_Unidade_12_Registro.pdf\" target=\"_Blank\" title=\"\" rel=\"noopener noreferrer\">Exerc\u00edcios &#8211; Unidade 12 &#8211; Registro \/ Struct<\/a><\/li>\n<\/ul>\n<h4>Exerc\u00edcios de Depura\u00e7\u00e3o<\/h4>\n<ul>\n<li><a href=\"IFTM\/Disciplinas\/Grau02\/FPC\/Exercicios\/FPC_Exercicios_Unidade_05_ListaDepuracao_CodigoFonte.pdf\" target=\"_Blank\" title=\"\" rel=\"noopener noreferrer\">Exerc\u00edcios &#8211; Unidade 05 &#8211; Estrutura Condicional &#8211; Depura\u00e7\u00e3o &#8211; C\u00f3digo-fonte<\/a><\/li>\n<li><a href=\"IFTM\/Disciplinas\/Grau02\/FPC\/Exercicios\/FPC_Exercicios_Unidade_05_ListaDepuracao_Pseudocodigo.pdf\" target=\"_Blank\" title=\"\" rel=\"noopener noreferrer\">Exerc\u00edcios &#8211; Unidade 05 &#8211; Estrutura Condicional &#8211; Depura\u00e7\u00e3o &#8211; Pseudoc\u00f3digo<\/a><\/li>\n<li><!--a href=\"IFTM\/Disciplinas\/Grau02\/FPC\/Exercicios\/FPC_Exercicios_Unidade_07_EstruturasDeRepeticao_Depuracao.pdf\" target=\"_Blank\" title=\"\"-->Exerc\u00edcios &#8211; Unidade 07 &#8211; Estruturas de Repeti\u00e7\u00e3o &#8211; Depura\u00e7\u00e3o<\/li>\n<\/ul>\n<h4>Exerc\u00edcios Complementares<\/h4>\n<ul>\n<li><a href=\"https:\/\/programacaodescomplicada.wordpress.com\/complementar\/\" target=\"_Blank\" title=\"\" rel=\"noopener noreferrer\">Universidade Federal de Uberl\u00e2ndia<\/a><\/li>\n<\/ul>\n<h4>Exercicio Avaliativo<\/h4>\n<ul>\n<li>11 \/ 09 \/ 2019 &#8211; Exerc\u00edcio &#8211; 15 pontos<\/li>\n<li>27 \/ 11 \/ 2019 &#8211; Exerc\u00edcio &#8211; 15 pontos<\/li>\n<\/ul>\n<h4>Avalia\u00e7\u00f5es<\/h4>\n<ul>\n<li>02 \/ 10 \/ 2019 &#8211; Avalia\u00e7\u00e3o 01 &#8211; 20 pontos<\/li>\n<li>04 \/ 12 \/ 2019 &#8211; Avalia\u00e7\u00e3o 02 &#8211; 20 pontos<\/li>\n<\/ul>\n<h4>Trabalhos<\/h4>\n<ul>\n    <!--li>09 \/ 05 \/ 2018 - Trabalho 01 - 15 pontos - <a href=\"IFTM\/Disciplinas\/Grau02\/FPC\/Trabalhos\/FPC_Trabalho_Aeroporto_Fase_01_N0_M01.pdf\" target=\"_Blank\" rel=\"noopener noreferrer\">Apresenta\u00e7\u00e3o 01<\/a><\/li-->\n<li>06 \/ 11 \/ 2019 &#8211; Trabalho 01 &#8211; 15 pontos &#8211; <a href=\"IFTM\/Disciplinas\/Grau02\/FPC\/Trabalhos\/FPC_Trabalho_Aeroporto_Fase_01_N0_M01.pdf\" target=\"_Blank\" rel=\"noopener noreferrer\">Apresenta\u00e7\u00e3o 01<\/a><\/li>\n<li>11 \/ 12 \/ 2019 &#8211; Trabalho 02 &#8211; 15 pontos &#8211; <a href=\"IFTM\/Disciplinas\/Grau02\/FPC\/Trabalhos\/FPC_Trabalho_Aeroporto_Fase_02_N0_M01.pdf\" target=\"_Blank\" rel=\"noopener noreferrer\">Apresenta\u00e7\u00e3o 02<\/a><\/li>\n<\/ul>\n<h4>Avalia\u00e7\u00f5es de Recupera\u00e7\u00e3o<\/h4>\n<ul>\n<li> 13 \/ 11 \/ 2019 &#8211; Avalia\u00e7\u00e3o 01 &#8211; 50 pontos<\/li>\n<li> 16 \/ 12 \/ 2019 &#8211; Avalia\u00e7\u00e3o 02 &#8211; 50 pontos<\/li>\n<\/ul>\n","protected":false},"excerpt":{"rendered":"<p>Fundamentos de Programa\u00e7\u00e3o de Computadores (FPC) Unidade 01 &#8211; Conceitos B\u00e1sicos Unidade 02 &#8211; \u00c1lgebra Booleana Unidade 03 &#8211; Tipos de Dados, Vari\u00e1veis, Express\u00f5es L\u00f3gicas e Aritm\u00e9ticas Unidade 04 &#8211; Vari\u00e1veis, Tipos de Dados, Comandos e Estrutura Linear Unidade 05 &#8211; Estrutura Condicional Unidade 06 &#8211; Estrutura de Exclus\u00e3o M\u00faltipla Unidade 07 &#8211; Estruturas de&hellip;<\/p>\n","protected":false},"author":1,"featured_media":0,"parent":0,"menu_order":0,"comment_status":"closed","ping_status":"closed","template":"","meta":{"footnotes":""},"class_list":["post-277","page","type-page","status-publish","hentry"],"_links":{"self":[{"href":"https:\/\/esj.eti.br\/index.php?rest_route=\/wp\/v2\/pages\/277","targetHints":{"allow":["GET"]}}],"collection":[{"href":"https:\/\/esj.eti.br\/index.php?rest_route=\/wp\/v2\/pages"}],"about":[{"href":"https:\/\/esj.eti.br\/index.php?rest_route=\/wp\/v2\/types\/page"}],"author":[{"embeddable":true,"href":"https:\/\/esj.eti.br\/index.php?rest_route=\/wp\/v2\/users\/1"}],"replies":[{"embeddable":true,"href":"https:\/\/esj.eti.br\/index.php?rest_route=%2Fwp%2Fv2%2Fcomments&post=277"}],"version-history":[{"count":18,"href":"https:\/\/esj.eti.br\/index.php?rest_route=\/wp\/v2\/pages\/277\/revisions"}],"predecessor-version":[{"id":619,"href":"https:\/\/esj.eti.br\/index.php?rest_route=\/wp\/v2\/pages\/277\/revisions\/619"}],"wp:attachment":[{"href":"https:\/\/esj.eti.br\/index.php?rest_route=%2Fwp%2Fv2%2Fmedia&parent=277"}],"curies":[{"name":"wp","href":"https:\/\/api.w.org\/{rel}","templated":true}]}}